se
Let o be 1*(0/5)/(-1). Let r be 24 + -21 - (-1925 + o). Let n = r + -1075. Is n a prime number?
True
Let c be 4/14 + 20292/28. Let o = c + 1592. Is o composite?
True
Suppose -26*w + 30*w - 20 = 0. Let z(l) = -l**2 + 6*l - 6. Let s be z(4). Suppose -14020 = -4*v + 2*b, -2*b - 17525 = -w*v + s*b. Is v a composite number?
True
Let o(z) = -31*z - 2. Let p be o(-2). Let c = p + -41. Suppose -27 = -g + c. Is g a prime number?
False
Suppose -4*y - 3*x = -73460, -y - 21*x + 16*x = -18382. Is y prime?
False
Is 4126654/35 + (36/15)/4 composite?
True
Suppose 4 = 17*l + 55. Let m(f) = 448*f**2 + 6*f - 5. Is m(l) a composite number?
True
Suppose 3*f + 27290 = t, 4*t - 4*f = 137548 - 28364. Is t prime?
True
Let w = -138 - -141. Suppose -2245 = -w*r + 218. Is r a composite number?
False
Suppose 0 = -2*i - g + 529517, -2*i + 529502 = 177*g - 181*g. Is i prime?
True
Let q(n) = -n + 4. Let y be q(-4). Suppose -y*h + 581 = -1923. Let z = h - 107. Is z prime?
False
Let r(x) = -2*x. Let k(w) = 60*w - 25. Let i(p) = k(p) + 6*r(p). Is i(6) a composite number?
False
Let o(k) = -k**3 - k**2 - k - 2. Let z(y) = -96*y**3 - 5*y**2 - 5*y - 9. Let d(j) = 6*o(j) - z(j). Is d(4) composite?
False
Let k = 116200 + -66623. Is k composite?
True
Let i = -365985 - -518552. Is i composite?
False
Let c be 6/(11 - 1106/98). Suppose -15 = -5*n, -n + 5*n = 2*h - 50. Let a = c + h. Is a prime?
False
Suppose -3*r + 7 = -s, -3*r + 2*s + 10 = -2*s. Suppose -r*y + 5*a + 13482 = 0, 33747 = 5*y - 6*a + 4*a. Is y prime?
False
Is (-16 - (-63)/14)*(-11963 + (1 - 0)) prime?
False
Let u(k) = -103*k**2 + 6*k + 31. Let w be u(-8). Is (30/18)/((-5)/w) a prime number?
True
Suppose -3*x + 5*p - 9051 = 0, 0 = 4*x - 4*p + 3*p + 12085. Is x/(-3)*6/4 prime?
True
Is ((-816)/(-119))/8*((-203470)/(-4) + -2) composite?
True
Let n = 2561 + 3488. Is n prime?
False
Let w = 5200 - 3120. Let c be 1/(-3) - (-4 - w/12). Suppose 3*a = -d + c, 0 = -5*a + d + 289 - 2. Is a prime?
False
Let y(r) = 23*r - 14. Let x be y(3). Suppose x - 11 = 11*a. Suppose -a*j + 2733 + 4655 = 0. Is j a prime number?
True
Let q be (-1 + 2)*(-2 + (-145)/(-5)). Is (3282/(-27))/((-3)/q) a composite number?
True
Let a be ((-1244)/10)/(20/(-600)). Suppose a = -4*f + 10*f. Suppose 2*p = -4*v + 630, 0*v = -2*p - 2*v + f. Is p prime?
True
Suppose 0 = -93*d + 98*d + 9615. Let g = d + 873. Let l = 1919 + g. Is l prime?
False
Let v(x) = 2*x**2 - 23*x + 67. Suppose 0 = -26*t + 12*t + 364. Is v(t) a prime number?
True
Let b(t) = 826*t**2 - 65*t - 439. Is b(-12) a prime number?
False
Let j = 212 + -203. Suppose 0 = -3*f - j, -i - 9*f + 872 = -2*f. Is i composite?
True
Let p(a) = -5*a**3 - 16*a**2 + 24*a + 48. Let i(r) = -r**3 + r**2. Let y(b) = 4*i(b) - p(b). Is y(-21) a composite number?
True
Suppose 30*v - 1022624 = -2*v. Is v composite?
False
Let y(i) = -3688*i**3 + i**2 - 2*i + 1. Let k be y(1). Let a(p) = 145*p**2 - 3. Let l be a(6). Let q = k + l. Is q composite?
True
Let s(f) = 34*f**2 + 4*f + 7. Let h = -113 + 61. Let d = 57 + h. Is s(d) a composite number?
False
Let b(j) = -2 + 277*j**2 + 718*j**2 + 84*j**2 - 4*j. Let g be b(-1). Suppose -2*d + r + g = 0, r - 791 = -2*d + 292. Is d a composite number?
False
Let u(x) = -8*x**2 + 31*x + 3. Let j be u(4). Is (-124378)/(-8) + j + 27/36 a composite number?
True
Let p(r) = 12*r**2 + 6 - r**3 + 5 + 2*r**3 + 2 + 3. Suppose -49 = 5*c - y - 0*y, 3*c = 4*y - 43. Is p(c) a composite number?
True
Let d = -6104 + 54757. Is d a composite number?
True
Suppose 0 = -8*i + 5*i - 96. Let c = 25 + i. Is c/(252/(-13436)) - (-2)/(-9) a composite number?
False
Let x(k) = 5*k**2 + 13*k - 1. Let a be x(14). Let y = 135 + -130. Suppose 3*j - a = -5*h, y*j + 0*j = 3*h + 1901. Is j a prime number?
False
Let c = 71 - 39. Suppose -c*q + 4090 = -27*q. Is q prime?
False
Let c(q) = 22*q - 1. Let u be c(2). Let b = 692 + -312. Let n = b - u. Is n a prime number?
True
Let i(q) = 8000*q - 20. Let j be i(3). Let r = -13503 + j. Is r composite?
False
Let w(x) = -17416*x - 6163. Is w(-14) a prime number?
False
Suppose -5*x = 2983 - 15153. Suppose 3*d = 12412 - x. Is d a composite number?
True
Suppose -4*h + 920028 = -4*o, -500398 = -3*h + o + 189615. Is h a composite number?
False
Let x = -79 - -73. Let m be (-1)/x + 11/(-66) + 1828. Let d = -1083 + m. Is d composite?
True
Let h(j) = j. Let o be h(-20). Let i = o + 24. Suppose 0 = -y + 2*r + 13, i*y - r = 8*y - 7. Is y a composite number?
False
Let b = -14349 - -50578. Is b a prime number?
True
Let m(o) be the first derivative of 113*o**4/6 + 11*o**3/6 + 2*o**2 - 22*o + 14. Let r(l) be the first derivative of m(l). Is r(-2) a prime number?
False
Suppose -l - 92 + 94 = 0. Is 2361/l*(2 + (-28)/(-21)) composite?
True
Let k(c) = c**2 + 10*c + 1. Let x be k(-10). Let t be (-3*4/(-12) - 2) + x. Suppose -5*h + 2*h + 879 = t. Is h prime?
True
Let w = -360 - -138. Is 280/(-84)*w/4 prime?
False
Let n(z) be the second derivative of -435*z**3 - 23*z**2/2 - 776*z. Let d = 4 - 6. Is n(d) a composite number?
False
Let t(p) = -125*p**2 - 45*p - 21. Let l(y) = -126*y**2 - 44*y - 21. Let h(o) = 3*l(o) - 4*t(o). Is h(-14) composite?
True
Let r = 57623 + -9606. Is r a composite number?
False
Let l = -44952 - -85103. Is l composite?
False
Suppose -4*k = -h - 459511, 293*h - 114889 = -k + 297*h. Is k a prime number?
False
Suppose 0 = -3*r + 3*o + 24, 0 = 4*o - 2*o - 8. Suppose 0 = 4*p - p - r, 0 = 2*a - 2*p + 8. Suppose -9*m + 2259 = -a*m. Is m a prime number?
True
Let u be (-3)/(-15) + 38/10 + 23798. Suppose u = -22*p + 25*p. Is p composite?
True
Let w = 3115 - -1799. Let j = w + -1787. Is j prime?
False
Let v be -3 + 2 + 3 - -32. Suppose -9 = 31*n - v*n. Suppose -2*z + 699 = 2*t - 479, 0 = -5*z - n*t + 2953. Is z composite?
False
Suppose 114*z + 310*z - 26202150 = 44322194. Is z prime?
False
Suppose -3*f + 2*p = 2, 3*p = -f - 2*p + 5. Suppose f = 3*o + 2*w + 2*w + 160, -2*o = 5*w + 102. Let h = o - -169. Is h a prime number?
True
Let z(m) = 602*m + 8329. Is z(0) a prime number?
True
Let l = 7248 - -56537. Is l a prime number?
False
Suppose 2*f - 97014 - 92340 = -5*g, g = 4. Is f composite?
True
Suppose -67*a + 65*a + 14 = 0, -3*y + 475992 = 3*a. Is y a composite number?
False
Let j(v) = -v**2 + 15*v - 19. Let n = -6 + 4. Let m = 10 + n. Is j(m) prime?
True
Let i be (-5 - (-3)/((-45)/(-50)))*-3. Suppose z - 51302 = 3*k, -40*z + i*k = -37*z - 153926. Is z composite?
True
Let h(b) = b**2 + b + 1. Let a be h(-2). Suppose -3685 = -2*t - 3*t + g, -4*g = -a*t + 2211. Is t prime?
False
Let n(m) = 7524*m**2 - 42*m + 159. Is n(5) prime?
False
Let a = 9 + -7. Suppose -20 = -2*g - a*g. Suppose -2*b - 3*b - g*q + 7790 = 0, 4*b - 6237 = -5*q. Is b prime?
True
Let n = -256 + 253. Is ((-11062)/5)/((-14)/(-105)*n) a prime number?
True
Let g = -62385 + 264680. Is g prime?
False
Suppose 6*z = 21*z - 45. Suppose y = p + 2585, 2*y - z*p = -5*p + 5154. Is y composite?
True
Suppose -3*f - 5*c + 1531407 = -263537, 2*f - c = 1196599. Is f prime?
True
Let s(o) = o**3 + 12*o**2 - 11*o + 29. Let v be 1/(14/6) - (-846)/(-63). Let k be s(v). Suppose -p + 4*d + 1411 = 0, -p - k*d = p - 2789. Is p a prime number?
True
Suppose -c + 16 = -5*l, 10 - 28 = -2*c - 4*l. Suppose c = -4*j - o, -7 = 4*j + 4*o + 1. Is -16*(612/j)/3 - 1 a prime number?
True
Suppose -11*x + 310 = -9*x. Let a = x - 391. Let s = -13 - a. Is s a prime number?
True
Let v(m) = -m**2 - 9*m - 8. Let a be v(-6). Let j(b) = -2*b**2 + 20*b. Let t be j(a). Suppose t = -n - 18 + 205. Is n a prime number?
False
Is (-7168856 + 26)/(-30) + (1 - 5) composite?
True
Suppose -4*b + 32455 = -16405. Suppose -7414 - b = -9*v. Is v prime?
False
Let l(s) = s**2 - 13*s - 21. Let o be 0 + 3/(-9) + 46/3. Let k be l(o). Suppose -2613 = 6*n - k*n. Is n prime?
False
Let t = -198 - -4057. Is t a composite number?
True
Let m be -2*((0 - 4) + 11709/(-6)). Suppose -11*q - m - 6132 = 0. Let x = q + 1682. Is x composite?
False
Let a(p) be the third derivative of 0*p + 0 - 9/8*p**4 - 17*p**2 + 29/6*p**3. Is a(-6) composite?
False
Let a be (1 - -2) + 1501 + (-10)/(-5). Suppose -11*o = -9*o - a. Is o composite?
True
Let v be 1346 + 4 + (-2 - 1). Let x = v - 3509. Let k = x - -3241. Is k a prime number?
False
Is 2 + 480/(-260) + 1259607/13 prime?
True
Let c(b) = 3*b - 98. Let v be c(32). Is (-3)/